{"id":63,"date":"2026-02-02T09:21:43","date_gmt":"2026-02-02T08:21:43","guid":{"rendered":"https:\/\/www.evep-magdeburg.de\/?page_id=63"},"modified":"2026-02-02T09:21:43","modified_gmt":"2026-02-02T08:21:43","slug":"startseite","status":"publish","type":"page","link":"https:\/\/www.evep-magdeburg.de\/?page_id=63","title":{"rendered":"Startseite"},"content":{"rendered":"\n<div class=\"wp-block-group alignfull is-layout-constrained wp-block-group-is-layout-constrained\" style=\"margin-top:0;margin-bottom:0;padding-top:var(--wp--preset--spacing--50);padding-bottom:var(--wp--preset--spacing--50)\">\n<div class=\"wp-block-columns alignwide is-layout-flex wp-container-core-columns-is-layout-fa584acd wp-block-columns-is-layout-flex\">\n<div class=\"wp-block-column is-vertically-aligned-center is-layout-flow wp-block-column-is-layout-flow\">\n<h2 class=\"wp-block-heading has-xx-large-font-size\">VEP Magdeburg 2030<em>plus<\/em><\/h2>\n\n\n\n<p class=\"has-medium-font-size\">Hier k\u00f6nnte ein ziemlich langer Text zum Inhalt dieses Projektes und zum Verkehrsentwicklungsplan 2030plus stehen.<\/p>\n<\/div>\n\n\n\n<div class=\"wp-block-column is-vertically-aligned-center is-layout-flow wp-block-column-is-layout-flow\">\n<figure class=\"wp-block-image size-full\"><img loading=\"lazy\" decoding=\"async\" width=\"1147\" height=\"956\" src=\"https:\/\/www.evep-magdeburg.de\/wp-content\/uploads\/2026\/02\/Screenshot-2026-02-02-092101.png\" alt=\"\" class=\"wp-image-64\" style=\"aspect-ratio:1;object-fit:cover\" srcset=\"https:\/\/www.evep-magdeburg.de\/wp-content\/uploads\/2026\/02\/Screenshot-2026-02-02-092101.png 1147w, https:\/\/www.evep-magdeburg.de\/wp-content\/uploads\/2026\/02\/Screenshot-2026-02-02-092101-300x250.png 300w, https:\/\/www.evep-magdeburg.de\/wp-content\/uploads\/2026\/02\/Screenshot-2026-02-02-092101-1024x853.png 1024w, https:\/\/www.evep-magdeburg.de\/wp-content\/uploads\/2026\/02\/Screenshot-2026-02-02-092101-768x640.png 768w\" sizes=\"auto, (max-width: 1147px) 100vw, 1147px\" \/><\/figure>\n<\/div>\n<\/div>\n<\/div>\n\n\n\n<div class=\"wp-block-group alignfull is-layout-constrained wp-block-group-is-layout-constrained\" style=\"margin-top:0;margin-bottom:0\">\n<div class=\"wp-block-group alignwide is-layout-flow wp-container-core-group-is-layout-d58a0413 wp-block-group-is-layout-flow\" style=\"padding-top:var(--wp--preset--spacing--50);padding-bottom:var(--wp--preset--spacing--50)\">\n<h2 class=\"wp-block-heading has-x-large-font-size\">H\u00e4ufig gestellte Fragen<\/h2>\n\n\n\n<div class=\"wp-block-columns is-layout-flex wp-container-core-columns-is-layout-cbe57604 wp-block-columns-is-layout-flex\">\n<div class=\"wp-block-column is-layout-flow wp-block-column-is-layout-flow\">\n<div class=\"wp-block-group is-layout-flow wp-block-group-is-layout-flow\" style=\"border-top-color:var(--wp--preset--color--accent-6);border-top-width:1px;padding-top:var(--wp--preset--spacing--30);padding-bottom:var(--wp--preset--spacing--30)\">\n<h3 class=\"wp-block-heading\">Worum geht es beim VEP 2030<em>plus<\/em>?<\/h3>\n\n\n\n<p>Hier steht dann zum Beispiel Text.<\/p>\n<\/div>\n<\/div>\n\n\n\n<div class=\"wp-block-column is-layout-flow wp-block-column-is-layout-flow\">\n<div class=\"wp-block-group is-layout-flow wp-block-group-is-layout-flow\" style=\"border-top-color:var(--wp--preset--color--accent-6);border-top-width:1px;padding-top:var(--wp--preset--spacing--30);padding-bottom:var(--wp--preset--spacing--30)\">\n<h3 class=\"wp-block-heading\">Worum geht es in diesem Projekt?<\/h3>\n\n\n\n<p>Und hier auch.<\/p>\n<\/div>\n<\/div>\n<\/div>\n\n\n\n<div class=\"wp-block-columns is-layout-flex wp-container-core-columns-is-layout-cbe57604 wp-block-columns-is-layout-flex\">\n<div class=\"wp-block-column is-layout-flow wp-block-column-is-layout-flow\">\n<div class=\"wp-block-group is-layout-flow wp-block-group-is-layout-flow\" style=\"border-top-color:var(--wp--preset--color--accent-6);border-top-width:1px;padding-top:var(--wp--preset--spacing--30);padding-bottom:var(--wp--preset--spacing--30)\">\n<h3 class=\"wp-block-heading\">Wann und wie erfahre ich Neues?<\/h3>\n\n\n\n<p>Im besten Fall nat\u00fcrlich auch hier.<\/p>\n<\/div>\n<\/div>\n\n\n\n<div class=\"wp-block-column is-layout-flow wp-block-column-is-layout-flow\">\n<div class=\"wp-block-group is-layout-flow wp-block-group-is-layout-flow\" style=\"border-top-color:var(--wp--preset--color--accent-6);border-top-width:1px;padding-top:var(--wp--preset--spacing--30);padding-bottom:var(--wp--preset--spacing--30)\">\n<h3 class=\"wp-block-heading\">Sind signierte Kopien verf\u00fcgbar?<\/h3>\n\n\n\n<p>Hier g\u00e4be es, wenn es das g\u00e4be, handsignierte Originaldrucke des mit mit Unterschrift der B\u00fcrgermeisterin.<\/p>\n<\/div>\n<\/div>\n<\/div>\n<\/div>\n<\/div>\n","protected":false},"excerpt":{"rendered":"<p>VEP Magdeburg 2030plus Hier k\u00f6nnte ein ziemlich langer Text zum Inhalt dieses Projektes und zum Verkehrsentwicklungsplan 2030plus stehen. H\u00e4ufig gestellte Fragen Worum geht es beim VEP 2030plus? Hier steht dann zum Beispiel Text. Worum geht es in diesem Projekt? Und hier auch. Wann und wie erfahre ich Neues? Im besten Fall nat\u00fcrlich auch hier. Sind [&hellip;]<\/p>\n","protected":false},"author":1,"featured_media":0,"parent":0,"menu_order":0,"comment_status":"closed","ping_status":"closed","template":"","meta":{"footnotes":""},"class_list":["post-63","page","type-page","status-publish","hentry"],"blocksy_meta":[],"_links":{"self":[{"href":"https:\/\/www.evep-magdeburg.de\/index.php?rest_route=\/wp\/v2\/pages\/63","targetHints":{"allow":["GET"]}}],"collection":[{"href":"https:\/\/www.evep-magdeburg.de\/index.php?rest_route=\/wp\/v2\/pages"}],"about":[{"href":"https:\/\/www.evep-magdeburg.de\/index.php?rest_route=\/wp\/v2\/types\/page"}],"author":[{"embeddable":true,"href":"https:\/\/www.evep-magdeburg.de\/index.php?rest_route=\/wp\/v2\/users\/1"}],"replies":[{"embeddable":true,"href":"https:\/\/www.evep-magdeburg.de\/index.php?rest_route=%2Fwp%2Fv2%2Fcomments&post=63"}],"version-history":[{"count":1,"href":"https:\/\/www.evep-magdeburg.de\/index.php?rest_route=\/wp\/v2\/pages\/63\/revisions"}],"predecessor-version":[{"id":65,"href":"https:\/\/www.evep-magdeburg.de\/index.php?rest_route=\/wp\/v2\/pages\/63\/revisions\/65"}],"wp:attachment":[{"href":"https:\/\/www.evep-magdeburg.de\/index.php?rest_route=%2Fwp%2Fv2%2Fmedia&parent=63"}],"curies":[{"name":"wp","href":"https:\/\/api.w.org\/{rel}","templated":true}]}}